).
-33
What is the value of -7 + (4 - (9 + -8) - 1)?
-5
30 - (1 + (15 - -1)) - 17
-4
-1251 + 1254 + -17 + (-1 - (-2 - -3))
-16
Calculate (-14 - (-10 + -10)) + -11.
-5
Evaluate 1 + (-10 + 10 - (2 + -1)).
0
What is the value of -20 + -1 - (-221 - -217)?
-17
-6 - -1 - (11 - (-6 + -7 + 19))
-10
Calculate -3 + 1 + (-7 - (3 + 3 + -6)).
-9
What is the value of -7 + 11 + (-10 - -1 - -13)?
8
What is (-1 - 3) + 123 + -116?
3
Evaluate -15 - 1 - (1 + (-6 - -1)).
-12
What is the value of -1 + 18 + 0 + -9 + 0?
8
What is -9 + -3 - (-55 - -32)?
11
Evaluate -29 - -40 - (2 + 7).
2
What is 8 - 3 - (-37 - -37)?
5
Calculate 30 - 50 - (-15 + -11).
6
Evaluate -3 + 0 + -13 + 11 + -14 + 9.
-10
Calculate -11 + (-23 - (-39 - -27)) + 1 + 14.
-7
Evaluate (-2 - 17) + (-50 - -45) + (10 - 0).
-14
Calculate 6 + -2 + 2 - (17 + 68 + -89).
10
What is -4 - -8 - (20 - 20)?
4
Calculate -18 + 16 + 10 - 24 - -29.
13
What is (2 - -22) + (21 - (-63 + 85))?
23
Evaluate -3 - (-18 + 9 + (0 - -2)).
4
Evaluate 17 + 7 + -24 + -7 + 2 - -1.
-4
-18 + (5 - -24) + -26
-15
Calculate -1 - (0 - 15) - (831 - 815).
-2
Calculate 119 + -118 + 2 + -7.
-4
(-202 - -228) + (0 - 20)
6
What is the value of 29 - (5 + 15) - (-15 + 0)?
24
8 + 7 + (1 - 8 - -5) + 8
21
What is -1 + 5 + -8 + 5 + -3?
-2
What is the value of 16 + (-5 + -20 - -8) + 10?
9
Calculate -5 - (-2 + (7 - 13) - -14).
-11
Calculate (-5 - (-3 + 10)) + 0 + 2 + 0.
-10
What is 25 + -21 - (7 + 0) - (-5 + 1)?
1
3 - (-7 - -7 - (3 - -1 - 3))
4
What is the value of 15 - (-12 - -6 - -15)?
6
Evaluate 4 - (3 + -20 + -9 - -10).
20
What is -1 + -12 + 1 - (27 - (-39 - -71))?
-7
Evaluate -17 + 6 - -23 - (-1 - -8).
5
1 + -4 - (19 - (31 - 20))
-11
Calculate (2 - -10) + (-20 - -40) + -28.
4
What is (6 + 4 - 6) + (0 - 12)?
-8
-15 - (3 - 24) - -8
14
Evaluate 1 + -6 + (-29 - -29) + (-12 - -13).
-4
What is the value of 4 - -2 - (-759 - -768)?
-3
-9 + (101 - 90 - (12 + -1))
-9
Evaluate -6 - (3 + (-7 - 0) - 2 - -8).
-8
-9 + (4 - -17) - (-3 - -5 - 9)
19
Calculate 0 - (0 + 4) - (1165 + -1168).
-1
What is the value of 35 + -20 - (10 - (1 + 1))?
7
-14 + 14 + 14 + 3 + -7
10
-16 + 19 + (-20 - -7)
-10
What is the value of -11 - (-3 + -5 + -16)?
13
Evaluate -1 - 3 - (5 + 6 + -4).
-11
12 + 14 + -35 + -4
-13
Evaluate -10 + 12 + (-16 - -31) - 13.
4
What is 0 + 3 + (-1 - 13) + 8 + -22?
-25
Calculate -1 - (-10 + 14 - (-2 - 2)).
-9
37 + (-56 - -23) + (-1 - -32) - 6
29
-43 + -3 - -50 - 17
-13
What is the value of -2 - (3 + -3) - (1 + 0) - 3?
-6
Evaluate (2 + -4 - 6) + -19 + 15 + 2.
-10
Calculate (-2 - (0 + 1)) + -2117 + 2131.
11
(-13 + 31 - (-6 + 14)) + -42 + 1
-31
What is the value of 23 - (37 - (35 + -13))?
8
What is 432 + -425 - ((7 - -1) + 2)?
-3
Calculate 49 + (17 + -15 - 27).
24
Evaluate 22 - -1 - (7 + -9 + 13 - 7).
19
Calculate -8 + (7 - 24 - (11 + -21)).
-15
What is 14 + -25 + 27 - (-5 + 5)?
16
1 + (-1 - -6) - (-3 + (1 - -2))
6
What is 8 - (-970 + 980 - (-1 - (-1 - -1)))?
-3
-1 - -3 - (-26 + 27) - (-13 + 10)
4
Evaluate (-16 - (-7 + 3)) + (-77 - -100).
11
Calculate -12 - ((1 - 3) + 1) - (-3167 - -3174).
-18
-12 + (5 - (11 + -12))
-6
Evaluate 4 + (-4 - -3) + (1 - (6 + 3)).
-5
What is (-6 - ((-8 - -6) + -7)) + 0 + 7?
10
What is (47 - 26) + (-2 - 18)?
1
Evaluate -3 + 0 + 6 + -16 + (-77 - -83).
-7
Calculate -105 - -111 - (11 + -3).
-2
Evaluate -147 + 171 - (-5 - -10).
19
What is 29 - -2 - (305 + -299)?
25
29 - (1 + -16 + 28)
16
-20 + -16 + 10 + 13
-13
Calculate -31 - (5 - (-19 + 36)).
-19
Calculate 1 + (11 + -3 - 14) + 0 + 8.
3
Evaluate -9 - (-19 + (0 - -10)).
0
Calculate 50 + -56 - ((-4 - -9) + -2 - -8).
-17
-10 + (15 + -1 - (191 + -210))
23
-3 + (0 - 1) - (15 + -35 + 14)
2
Evaluate (7 + -23 - -3) + 24.
11
Evaluate 41 + -46 + 1 + (15 - 0).
11
3 + 8 + 3 - ((2 - -4) + -5)
13
What is 15 + (-2 - 1) - (99 - 102)?
15
Evaluate 123 + -90 - (27 + 2).
4
(-22 - (7 + -18)) + 22
11
Calculate -4 + -7 + -2 + (6 - 7).
-14
Calculate -14 + (16 - 7) - (-1 + 2 - 7).
1
Evaluate 0 - (-8 - -7) - (0 - -8) - -6.
-1
What is -8 + 22 - (-15 + 23)?
6
What is the value of -4 - ((8 + -8 - 5) + -6)?
7
What is the value of -13 + 14 + 13 - 9?
5
Evaluate 161 + -163 - (9 - 4).
-7
What is -14 - (-24 + -7) - 29?
-12
What is the value of -10 + 10 + -7 - (-1 + -2) - 6?
-10
Calculate (-39 - -46) + -47 + 30.
-10
What is (28 - (13 - 0 - 4)) + (-2 - 0)?
17
Calculate 8 + -6 + (8 + -7 - -17).
20
Calculate -13 + 35 - 27 - (-27 - -1).
21
What is (164 + -172 - (-1 + 0)) + -1 + -4?
-12
-13 + -5 + (-6 - -14)
-10
17 - (20 - 6) - (1 - 0)
2
What is the value of (8 - 13) + 1 + (-1 - (-2 + -11))?
8
Calculate 1 - (11 + (-11 - 0)) - (-1 + 5).
-3
What is 0 + 22 + -10 + -31 + -5?
-24
Evaluate (9 - (-1 + -8 + 10)) + -6.
2
What is -53 + 46 - (1 - (0 + 2))?
-6
32 - (7 + 4 - (1 - 1))
21
27 - 30 - (-29 + 10)
16
What is (2 - (-3 + 5 + 13)) + 21?
8
Evaluate 0 + 18 + (-22 - (-27 + 10)).
13
33 - ((18 - -4) + 24)
-13
(-15 - (-2 + -2)) + 16
5
Calculate -2 + (3 - -4) + (4 - 11).
-2
(27 - (14 - (-3 - -1))) + 6
17
What is the value of 0 - -8 - (-10 - 8 - -56 - -1)?
-31
(2 + -24 - -32) + -19
-9
What is the value of -20 - (19 + -59 + 27) - (0 + 26)?
-33
-29 + -1 - (47 + -118 - -71)
-30
What is -5 + 4 + 4 + -9 - (81 - 114)?
27
Evaluate (23 - 56) + 58 + (-18 - 0).
7
What is the value of (3 - -14 - -3) + -10 + -30?
-20
Evaluate 20 - (-6 + 47) - (12 - 0).
-33
Calculate -3 - 2 - (-12 - (5 - 6)).
6
What is 26 + -26 + (-9 + 5 + 20 - 0)?
16
What is (0 - -1) + (42 - 33) - -5?
15
Calculate (19 - (35 + -37)) + -27.
-6
Evaluate (3 + 0 - -6 - 4) + -10.
-5
Evaluate 1 + -38 - (29 - 18 - 18).
-30
Evaluate -4 - (35 - (28 - -44)).
33
What is the value of (-2 - 0) + 7 + -13 + 3?
-5
What is 34 + -2 - (-62 - (-23 + -41))?
30
Evaluate (-1 - 6) + -8 + -49 + 71.
7
What is 28 + (-1 - (18 - 1))?
10
What is the value of 7 + -1 - (3 - (-11 - -15 - 12))?
-5
(-6 - (-8 + 18)) + (114 - 94)
4
What is 18 + (2 - (10 - -10))?
0
What is (-9 - (-4 + -4)) + 2 + (6 - -6)?
13
What is 1 + -3 - (2 - 1)?
-3
What is the value of -17 + (15 - -19 - 2)?
15
What is the value of 15 + -15 + -11 + -3 + -1?
-15
What is 2 + 42 + -66 + 51?
29
What is (-2 - 1) + 31 + -19 + -2 + 14?
21
-24 + (2 - (8 + -24))
-6
What is the value of 12 + (5 - (2 - -8))?
7
23 - (-32 - -64) - 20
-29
Evaluate -6 + (25 - 42) - -20.
-3
599 - 576 - (41 - -1)
-19
Evaluate 15 - (13 + 9) - (-4 + (-3 - -2)).
-2
What is -15 - 0 - (2 - 21)?
4
What is the value of (46 - (52 + -17)) + (0 - 10)?
1
What is the value of -13 + -16 + (43 - -2)?
16
Calculate -24 - 5 - (1 + -5).
-25
What is 2 - 0 - (-83 - -76)?
9
Evaluate 13 + (10 - 3 - 10).
10
12 - ((15 - 22) + 9)
10
Evaluate (-6 - ((-3 - -8) + 0 + -6)) + 23.
18
What is -221 + 218 + (-1 - (4 - 1))?
-7
Calculate (-5 - 1) + 42 + -48 + -5.
-17
What is -10 + (-23 + -11 - -27)?
-17
Calculate (9 - 13 - -2) + (1 - -4).
3
-5 - 2 - -8 - -5
6
13 + (-17 - ((-9 - -16 - 18) + 4))
3
What is the value of (1 - -27) + -20 - 29?
-21
What is (-11 - (9 - (1 - -8))) + 5?
-6
What is -1433 + 1433 - ((0 - -1) + (-3 - -2))?
0
What is the value of 0 + (20 - 15) + 7 + 0?
12
Evaluate 4 - (9 + (8 - (6 + 4))).
-3
Evaluate (67 - 60) + (-2 + -3 - 4).
-2
What is (7 - 23) + 30 + -16?
-2
3 + -11 - -14 - (-13 + (0 - -1))
18
Evaluate 11 - (53 + -67 + 13 + -2).
14
Calculate (-8 + 14 - 5) + 0.
1
Evaluate (62 - 13) + -19 + -14.
16
Calculate (6 + -21 - -41) + -19 + 0 + -36.
-29
What is (-30 + 1 - -24) + 13?
8
What is the value of 24 - (-8 - -15) - -5 - 4?
18
Evaluate 7 - (31 + -36 + (3 - 1)) - -1.
11
What is the value of (19 - (32 - 18)) + -19?
-14
What is the value of (-5 - 1) + 0 + 19 + 74 + -84?
3
Calculate -1 + -9 + (6 - -17).
13
Evaluate 35 + -3 + (-5 - -2) + -16.
13
Evaluate (-33 - (0 - 22)) + 27.
16
Calculate (1 - 0) + -8 - (-28 + 10 + 17).
-6
What is the value of (-35 - -23) + -4 + 1 - (-1 + -1)?
-13
Evaluate 50 - (0 + 52) - (5 + 0).
-7
Evaluate -1 + (14 - 5) + 2 - 4.
6
What is (6 - 3 - 2) + 4 - (22 + -5)?
-12
What is the value of -1 + 47 + -11 + 35 + -37?
33
What is 0 + 0 - 8 - (19 - 25) - 7?
-9
What is the value of 11 + (-12 - -11) + (-6 - -1)?
5
Calculate (7 + 0 - 0) + (0 - -36) + -48.
-5
Evaluate -14 + (-21 - -41) + 5 - (-1 - -17).
-5
What is the value of (14 - (-16 - -51)) + 11?
-10
What is 302 - 283 - (16 + -1)?
4
What is 101 + -103 - ((-2 - (2 + -3)) + -18)?
17
Calculate (7 - 3) + -5 - (-4 - (-3 - 14)).
-14
Calculate 6 